{"id":4400,"date":"2022-06-06T14:28:00","date_gmt":"2022-06-06T13:28:00","guid":{"rendered":"https:\/\/mariaclaraames.com\/artigo-academico\/analisis-de-escalas-y-medidas-de-virtudes-morales-una-revision-sistematica-2\/"},"modified":"2022-06-06T14:28:00","modified_gmt":"2022-06-06T13:28:00","slug":"analisis-de-escalas-y-medidas-de-virtudes-morales-una-revision-sistematica-2","status":"publish","type":"artigo-academico","link":"https:\/\/mariaclaraames.com\/es\/artigo-academico\/analisis-de-escalas-y-medidas-de-virtudes-morales-una-revision-sistematica-2\/","title":{"rendered":"An\u00e1lisis de escalas y medidas de virtudes morales: una revisi\u00f3n sistem\u00e1tica"},"content":{"rendered":"","protected":false},"excerpt":{"rendered":"","protected":false},"author":2,"featured_media":0,"template":"","format":"standard","meta":{"_acf_changed":false},"class_list":["post-4400","artigo-academico","type-artigo-academico","status-publish","format-standard","hentry"],"acf":[],"yoast_head":"<!-- This site is optimized with the Yoast SEO plugin v27.2 - https:\/\/yoast.com\/product\/yoast-seo-wordpress\/ -->\n<title>An\u00e1lisis de escalas y medidas de virtudes morales: una revisi\u00f3n sistem\u00e1tica - Maria Clara Ames<\/title>\n<meta name=\"robots\" content=\"index, follow, max-snippet:-1, max-image-preview:large, max-video-preview:-1\" \/>\n<link rel=\"canonical\" href=\"https:\/\/mariaclaraames.com\/es\/artigo-academico\/analisis-de-escalas-y-medidas-de-virtudes-morales-una-revision-sistematica-2\/\" \/>\n<meta property=\"og:locale\" content=\"es_ES\" \/>\n<meta property=\"og:type\" content=\"article\" \/>\n<meta property=\"og:title\" content=\"An\u00e1lisis de escalas y medidas de virtudes morales: una revisi\u00f3n sistem\u00e1tica - Maria Clara Ames\" \/>\n<meta property=\"og:url\" content=\"https:\/\/mariaclaraames.com\/es\/artigo-academico\/analisis-de-escalas-y-medidas-de-virtudes-morales-una-revision-sistematica-2\/\" \/>\n<meta property=\"og:site_name\" content=\"Maria Clara Ames\" \/>\n<meta property=\"og:image\" content=\"https:\/\/mariaclaraames.com\/wp-content\/uploads\/2024\/11\/logo-maria-clara-ames-h-g-white.png\" \/>\n\t<meta property=\"og:image:width\" content=\"1500\" \/>\n\t<meta property=\"og:image:height\" content=\"630\" \/>\n\t<meta property=\"og:image:type\" content=\"image\/png\" \/>\n<meta name=\"twitter:card\" content=\"summary_large_image\" \/>\n<meta name=\"twitter:site\" content=\"@mariaclaraames\" \/>\n<script type=\"application\/ld+json\" class=\"yoast-schema-graph\">{\"@context\":\"https:\/\/schema.org\",\"@graph\":[{\"@type\":\"ScholarlyArticle\",\"@id\":\"https:\/\/mariaclaraames.com\/es\/artigo-academico\/analisis-de-escalas-y-medidas-de-virtudes-morales-una-revision-sistematica-2\/#article\",\"isPartOf\":{\"@id\":\"https:\/\/mariaclaraames.com\/es\/artigo-academico\/analisis-de-escalas-y-medidas-de-virtudes-morales-una-revision-sistematica-2\/\"},\"author\":{\"name\":\"Maria Clara Ames\",\"@id\":\"https:\/\/mariaclaraames.com\/es\/#\/schema\/person\/fcb70a5e8c410ce5d393f4316f205b4c\"},\"headline\":\"An\u00e1lisis de escalas y medidas de virtudes morales: una revisi\u00f3n sistem\u00e1tica\",\"datePublished\":\"2022-06-06T13:28:00+00:00\",\"mainEntityOfPage\":{\"@id\":\"https:\/\/mariaclaraames.com\/es\/artigo-academico\/analisis-de-escalas-y-medidas-de-virtudes-morales-una-revision-sistematica-2\/\"},\"wordCount\":14,\"publisher\":{\"@id\":\"https:\/\/mariaclaraames.com\/es\/#\/schema\/person\/fcb70a5e8c410ce5d393f4316f205b4c\"},\"inLanguage\":\"es\"},{\"@type\":\"WebPage\",\"@id\":\"https:\/\/mariaclaraames.com\/es\/artigo-academico\/analisis-de-escalas-y-medidas-de-virtudes-morales-una-revision-sistematica-2\/\",\"url\":\"https:\/\/mariaclaraames.com\/es\/artigo-academico\/analisis-de-escalas-y-medidas-de-virtudes-morales-una-revision-sistematica-2\/\",\"name\":\"An\u00e1lisis de escalas y medidas de virtudes morales: una revisi\u00f3n sistem\u00e1tica - Maria Clara Ames\",\"isPartOf\":{\"@id\":\"https:\/\/mariaclaraames.com\/es\/#website\"},\"datePublished\":\"2022-06-06T13:28:00+00:00\",\"breadcrumb\":{\"@id\":\"https:\/\/mariaclaraames.com\/es\/artigo-academico\/analisis-de-escalas-y-medidas-de-virtudes-morales-una-revision-sistematica-2\/#breadcrumb\"},\"inLanguage\":\"es\",\"potentialAction\":[{\"@type\":\"ReadAction\",\"target\":[\"https:\/\/mariaclaraames.com\/es\/artigo-academico\/analisis-de-escalas-y-medidas-de-virtudes-morales-una-revision-sistematica-2\/\"]}]},{\"@type\":\"BreadcrumbList\",\"@id\":\"https:\/\/mariaclaraames.com\/es\/artigo-academico\/analisis-de-escalas-y-medidas-de-virtudes-morales-una-revision-sistematica-2\/#breadcrumb\",\"itemListElement\":[{\"@type\":\"ListItem\",\"position\":1,\"name\":\"Artigos Acad\u00eamicos\",\"item\":\"https:\/\/mariaclaraames.com\/es\/artigo-academico\/\"},{\"@type\":\"ListItem\",\"position\":2,\"name\":\"An\u00e1lisis de escalas y medidas de virtudes morales: una revisi\u00f3n sistem\u00e1tica\"}]},{\"@type\":\"WebSite\",\"@id\":\"https:\/\/mariaclaraames.com\/es\/#website\",\"url\":\"https:\/\/mariaclaraames.com\/es\/\",\"name\":\"Maria Clara Ames\",\"description\":\"Administra\u00e7\u00e3o, \u00e9tica e empreendedorismo.\",\"publisher\":{\"@id\":\"https:\/\/mariaclaraames.com\/es\/#\/schema\/person\/fcb70a5e8c410ce5d393f4316f205b4c\"},\"alternateName\":\"Maria Clara\",\"potentialAction\":[{\"@type\":\"SearchAction\",\"target\":{\"@type\":\"EntryPoint\",\"urlTemplate\":\"https:\/\/mariaclaraames.com\/es\/?s={search_term_string}\"},\"query-input\":{\"@type\":\"PropertyValueSpecification\",\"valueRequired\":true,\"valueName\":\"search_term_string\"}}],\"inLanguage\":\"es\"},{\"@type\":[\"Person\",\"Organization\"],\"@id\":\"https:\/\/mariaclaraames.com\/es\/#\/schema\/person\/fcb70a5e8c410ce5d393f4316f205b4c\",\"name\":\"Maria Clara Ames\",\"image\":{\"@type\":\"ImageObject\",\"inLanguage\":\"es\",\"@id\":\"https:\/\/mariaclaraames.com\/wp-content\/uploads\/2024\/11\/maria-clara-1-e1730803997307.jpg\",\"url\":\"https:\/\/mariaclaraames.com\/wp-content\/uploads\/2024\/11\/maria-clara-1-e1730803997307.jpg\",\"contentUrl\":\"https:\/\/mariaclaraames.com\/wp-content\/uploads\/2024\/11\/maria-clara-1-e1730803997307.jpg\",\"width\":512,\"height\":512,\"caption\":\"Maria Clara Ames\"},\"logo\":{\"@id\":\"https:\/\/mariaclaraames.com\/wp-content\/uploads\/2024\/11\/maria-clara-1-e1730803997307.jpg\"},\"description\":\"Doutora em Administra\u00e7\u00e3o, Especialista em \u00e9tica das virtudes. \u00c1reas de interesse: virtudes, desenvolvimento moral, \u00e9tica empresarial\",\"sameAs\":[\"https:\/\/www.instagram.com\/amesmariaclara\/\",\"https:\/\/www.linkedin.com\/in\/mariaclaraames\/\",\"https:\/\/x.com\/mariaclaraames\",\"https:\/\/www.youtube.com\/@mariaclaraames\"]}]}<\/script>\n<!-- \/ Yoast SEO plugin. -->","yoast_head_json":{"title":"An\u00e1lisis de escalas y medidas de virtudes morales: una revisi\u00f3n sistem\u00e1tica - Maria Clara Ames","robots":{"index":"index","follow":"follow","max-snippet":"max-snippet:-1","max-image-preview":"max-image-preview:large","max-video-preview":"max-video-preview:-1"},"canonical":"https:\/\/mariaclaraames.com\/es\/artigo-academico\/analisis-de-escalas-y-medidas-de-virtudes-morales-una-revision-sistematica-2\/","og_locale":"es_ES","og_type":"article","og_title":"An\u00e1lisis de escalas y medidas de virtudes morales: una revisi\u00f3n sistem\u00e1tica - Maria Clara Ames","og_url":"https:\/\/mariaclaraames.com\/es\/artigo-academico\/analisis-de-escalas-y-medidas-de-virtudes-morales-una-revision-sistematica-2\/","og_site_name":"Maria Clara Ames","og_image":[{"width":1500,"height":630,"url":"https:\/\/mariaclaraames.com\/wp-content\/uploads\/2024\/11\/logo-maria-clara-ames-h-g-white.png","type":"image\/png"}],"twitter_card":"summary_large_image","twitter_site":"@mariaclaraames","schema":{"@context":"https:\/\/schema.org","@graph":[{"@type":"ScholarlyArticle","@id":"https:\/\/mariaclaraames.com\/es\/artigo-academico\/analisis-de-escalas-y-medidas-de-virtudes-morales-una-revision-sistematica-2\/#article","isPartOf":{"@id":"https:\/\/mariaclaraames.com\/es\/artigo-academico\/analisis-de-escalas-y-medidas-de-virtudes-morales-una-revision-sistematica-2\/"},"author":{"name":"Maria Clara Ames","@id":"https:\/\/mariaclaraames.com\/es\/#\/schema\/person\/fcb70a5e8c410ce5d393f4316f205b4c"},"headline":"An\u00e1lisis de escalas y medidas de virtudes morales: una revisi\u00f3n sistem\u00e1tica","datePublished":"2022-06-06T13:28:00+00:00","mainEntityOfPage":{"@id":"https:\/\/mariaclaraames.com\/es\/artigo-academico\/analisis-de-escalas-y-medidas-de-virtudes-morales-una-revision-sistematica-2\/"},"wordCount":14,"publisher":{"@id":"https:\/\/mariaclaraames.com\/es\/#\/schema\/person\/fcb70a5e8c410ce5d393f4316f205b4c"},"inLanguage":"es"},{"@type":"WebPage","@id":"https:\/\/mariaclaraames.com\/es\/artigo-academico\/analisis-de-escalas-y-medidas-de-virtudes-morales-una-revision-sistematica-2\/","url":"https:\/\/mariaclaraames.com\/es\/artigo-academico\/analisis-de-escalas-y-medidas-de-virtudes-morales-una-revision-sistematica-2\/","name":"An\u00e1lisis de escalas y medidas de virtudes morales: una revisi\u00f3n sistem\u00e1tica - Maria Clara Ames","isPartOf":{"@id":"https:\/\/mariaclaraames.com\/es\/#website"},"datePublished":"2022-06-06T13:28:00+00:00","breadcrumb":{"@id":"https:\/\/mariaclaraames.com\/es\/artigo-academico\/analisis-de-escalas-y-medidas-de-virtudes-morales-una-revision-sistematica-2\/#breadcrumb"},"inLanguage":"es","potentialAction":[{"@type":"ReadAction","target":["https:\/\/mariaclaraames.com\/es\/artigo-academico\/analisis-de-escalas-y-medidas-de-virtudes-morales-una-revision-sistematica-2\/"]}]},{"@type":"BreadcrumbList","@id":"https:\/\/mariaclaraames.com\/es\/artigo-academico\/analisis-de-escalas-y-medidas-de-virtudes-morales-una-revision-sistematica-2\/#breadcrumb","itemListElement":[{"@type":"ListItem","position":1,"name":"Artigos Acad\u00eamicos","item":"https:\/\/mariaclaraames.com\/es\/artigo-academico\/"},{"@type":"ListItem","position":2,"name":"An\u00e1lisis de escalas y medidas de virtudes morales: una revisi\u00f3n sistem\u00e1tica"}]},{"@type":"WebSite","@id":"https:\/\/mariaclaraames.com\/es\/#website","url":"https:\/\/mariaclaraames.com\/es\/","name":"Maria Clara Ames","description":"Administra\u00e7\u00e3o, \u00e9tica e empreendedorismo.","publisher":{"@id":"https:\/\/mariaclaraames.com\/es\/#\/schema\/person\/fcb70a5e8c410ce5d393f4316f205b4c"},"alternateName":"Maria Clara","potentialAction":[{"@type":"SearchAction","target":{"@type":"EntryPoint","urlTemplate":"https:\/\/mariaclaraames.com\/es\/?s={search_term_string}"},"query-input":{"@type":"PropertyValueSpecification","valueRequired":true,"valueName":"search_term_string"}}],"inLanguage":"es"},{"@type":["Person","Organization"],"@id":"https:\/\/mariaclaraames.com\/es\/#\/schema\/person\/fcb70a5e8c410ce5d393f4316f205b4c","name":"Maria Clara Ames","image":{"@type":"ImageObject","inLanguage":"es","@id":"https:\/\/mariaclaraames.com\/wp-content\/uploads\/2024\/11\/maria-clara-1-e1730803997307.jpg","url":"https:\/\/mariaclaraames.com\/wp-content\/uploads\/2024\/11\/maria-clara-1-e1730803997307.jpg","contentUrl":"https:\/\/mariaclaraames.com\/wp-content\/uploads\/2024\/11\/maria-clara-1-e1730803997307.jpg","width":512,"height":512,"caption":"Maria Clara Ames"},"logo":{"@id":"https:\/\/mariaclaraames.com\/wp-content\/uploads\/2024\/11\/maria-clara-1-e1730803997307.jpg"},"description":"Doutora em Administra\u00e7\u00e3o, Especialista em \u00e9tica das virtudes. \u00c1reas de interesse: virtudes, desenvolvimento moral, \u00e9tica empresarial","sameAs":["https:\/\/www.instagram.com\/amesmariaclara\/","https:\/\/www.linkedin.com\/in\/mariaclaraames\/","https:\/\/x.com\/mariaclaraames","https:\/\/www.youtube.com\/@mariaclaraames"]}]}},"_links":{"self":[{"href":"https:\/\/mariaclaraames.com\/es\/wp-json\/wp\/v2\/artigo-academico\/4400","targetHints":{"allow":["GET"]}}],"collection":[{"href":"https:\/\/mariaclaraames.com\/es\/wp-json\/wp\/v2\/artigo-academico"}],"about":[{"href":"https:\/\/mariaclaraames.com\/es\/wp-json\/wp\/v2\/types\/artigo-academico"}],"author":[{"embeddable":true,"href":"https:\/\/mariaclaraames.com\/es\/wp-json\/wp\/v2\/users\/2"}],"wp:attachment":[{"href":"https:\/\/mariaclaraames.com\/es\/wp-json\/wp\/v2\/media?parent=4400"}],"curies":[{"name":"wp","href":"https:\/\/api.w.org\/{rel}","templated":true}]}}

Análisis de escalas y medidas de virtudes morales: una revisión sistemática

<!-- This site is optimized with the Yoast SEO plugin v27.2 - https://yoast.com/product/yoast-seo-wordpress/ -->
<title>Análisis de escalas y medidas de virtudes morales: una revisión sistemática - Maria Clara Ames</title>
<meta name="robots" content="index, follow, max-snippet:-1, max-image-preview:large, max-video-preview:-1" />
<link rel="canonical" href="https://mariaclaraames.com/es/artigo-academico/analisis-de-escalas-y-medidas-de-virtudes-morales-una-revision-sistematica-2/" />
<meta property="og:locale" content="es_ES" />
<meta property="og:type" content="article" />
<meta property="og:title" content="Análisis de escalas y medidas de virtudes morales: una revisión sistemática - Maria Clara Ames" />
<meta property="og:url" content="https://mariaclaraames.com/es/artigo-academico/analisis-de-escalas-y-medidas-de-virtudes-morales-una-revision-sistematica-2/" />
<meta property="og:site_name" content="Maria Clara Ames" />
<meta property="og:image" content="https://mariaclaraames.com/wp-content/uploads/2024/11/logo-maria-clara-ames-h-g-white.png" />
	<meta property="og:image:width" content="1500" />
	<meta property="og:image:height" content="630" />
	<meta property="og:image:type" content="image/png" />
<meta name="twitter:card" content="summary_large_image" />
<meta name="twitter:site" content="@mariaclaraames" />
<script type="application/ld+json" class="yoast-schema-graph">{"@context":"https://schema.org","@graph":[{"@type":"ScholarlyArticle","@id":"https://mariaclaraames.com/es/artigo-academico/analisis-de-escalas-y-medidas-de-virtudes-morales-una-revision-sistematica-2/#article","isPartOf":{"@id":"https://mariaclaraames.com/es/artigo-academico/analisis-de-escalas-y-medidas-de-virtudes-morales-una-revision-sistematica-2/"},"author":{"name":"Maria Clara Ames","@id":"https://mariaclaraames.com/es/#/schema/person/fcb70a5e8c410ce5d393f4316f205b4c"},"headline":"Análisis de escalas y medidas de virtudes morales: una revisión sistemática","datePublished":"2022-06-06T13:28:00+00:00","mainEntityOfPage":{"@id":"https://mariaclaraames.com/es/artigo-academico/analisis-de-escalas-y-medidas-de-virtudes-morales-una-revision-sistematica-2/"},"wordCount":14,"publisher":{"@id":"https://mariaclaraames.com/es/#/schema/person/fcb70a5e8c410ce5d393f4316f205b4c"},"inLanguage":"es"},{"@type":"WebPage","@id":"https://mariaclaraames.com/es/artigo-academico/analisis-de-escalas-y-medidas-de-virtudes-morales-una-revision-sistematica-2/","url":"https://mariaclaraames.com/es/artigo-academico/analisis-de-escalas-y-medidas-de-virtudes-morales-una-revision-sistematica-2/","name":"Análisis de escalas y medidas de virtudes morales: una revisión sistemática - Maria Clara Ames","isPartOf":{"@id":"https://mariaclaraames.com/es/#website"},"datePublished":"2022-06-06T13:28:00+00:00","breadcrumb":{"@id":"https://mariaclaraames.com/es/artigo-academico/analisis-de-escalas-y-medidas-de-virtudes-morales-una-revision-sistematica-2/#breadcrumb"},"inLanguage":"es","potentialAction":[{"@type":"ReadAction","target":["https://mariaclaraames.com/es/artigo-academico/analisis-de-escalas-y-medidas-de-virtudes-morales-una-revision-sistematica-2/"]}]},{"@type":"BreadcrumbList","@id":"https://mariaclaraames.com/es/artigo-academico/analisis-de-escalas-y-medidas-de-virtudes-morales-una-revision-sistematica-2/#breadcrumb","itemListElement":[{"@type":"ListItem","position":1,"name":"Artigos Acadêmicos","item":"https://mariaclaraames.com/es/artigo-academico/"},{"@type":"ListItem","position":2,"name":"Análisis de escalas y medidas de virtudes morales: una revisión sistemática"}]},{"@type":"WebSite","@id":"https://mariaclaraames.com/es/#website","url":"https://mariaclaraames.com/es/","name":"Maria Clara Ames","description":"Administração, ética e empreendedorismo.","publisher":{"@id":"https://mariaclaraames.com/es/#/schema/person/fcb70a5e8c410ce5d393f4316f205b4c"},"alternateName":"Maria Clara","potentialAction":[{"@type":"SearchAction","target":{"@type":"EntryPoint","urlTemplate":"https://mariaclaraames.com/es/?s={search_term_string}"},"query-input":{"@type":"PropertyValueSpecification","valueRequired":true,"valueName":"search_term_string"}}],"inLanguage":"es"},{"@type":["Person","Organization"],"@id":"https://mariaclaraames.com/es/#/schema/person/fcb70a5e8c410ce5d393f4316f205b4c","name":"Maria Clara Ames","image":{"@type":"ImageObject","inLanguage":"es","@id":"https://mariaclaraames.com/wp-content/uploads/2024/11/maria-clara-1-e1730803997307.jpg","url":"https://mariaclaraames.com/wp-content/uploads/2024/11/maria-clara-1-e1730803997307.jpg","contentUrl":"https://mariaclaraames.com/wp-content/uploads/2024/11/maria-clara-1-e1730803997307.jpg","width":512,"height":512,"caption":"Maria Clara Ames"},"logo":{"@id":"https://mariaclaraames.com/wp-content/uploads/2024/11/maria-clara-1-e1730803997307.jpg"},"description":"Doutora em Administração, Especialista em ética das virtudes. Áreas de interesse: virtudes, desenvolvimento moral, ética empresarial","sameAs":["https://www.instagram.com/amesmariaclara/","https://www.linkedin.com/in/mariaclaraames/","https://x.com/mariaclaraames","https://www.youtube.com/@mariaclaraames"]}]}</script>
<!-- / Yoast SEO plugin. -->

Análisis de escalas y medidas de virtudes morales: una revisión sistemática - Maria Clara Ames

Artigos Acadêmicos

Administração, ética e empreendedorismo.

Doutora em Administração, Especialista em ética das virtudes. Áreas de interesse: virtudes, desenvolvimento moral, ética empresarial
